(-2 + -15)*2. Let q = 161 + x. Suppose 4*d + 29 = q. What are the prime factors of d?
2
Suppose 2*j + 6 = 5*j. Suppose 3*f = -2*k + 10 + 13, f = j*k - 3. What are the prime factors of k?
2
Let h = 11 - 8. Suppose 3*j + 32 = 4*w, j + 5 = 4*w - h. Let o = 24 + j. List the prime factors of o.
2, 3
Suppose 0 = 4*z - 4, 4*z + 9 = 2*r + 5*z. Suppose -3*j + 86 = -b, -r*b + 132 = 7*j - 2*j. What are the prime factors of j?
2, 7
Let i = -2 - -5. Suppose -2*x + 15 = -i. Suppose x + 41 = 5*f. List the prime factors of f.
2, 5
Let w be 2*-4*(0 + 2). Let g be (-2)/(-5) - w/10. Suppose h + 0*q - q = 1, -3*h + 8 = g*q. What are the prime factors of h?
2
Suppose j + 69 = 2*i, 5*j = -3*i + 2*i + 18. List the prime factors of i.
3, 11
Let u = -12 + 14. Suppose -48 = -u*g + 26. List the prime factors of g.
37
Let i(r) = -r**2 + 4*r + 3. Let w(o) = -4*o**2 + 5 + 4*o - 1 + 7*o + 3*o**2. Let h be w(11). What are the prime factors of i(h)?
3
What are the prime factors of 3/(-2*(-9)/24)?
2
Let x = 127 - 51. What are the prime factors of x?
2, 19
Suppose -5*w + 5*s - 51 + 16 = 0, -w + 4*s - 19 = 0. What are the prime factors of -4*w/(18/15)?
2, 5
Let m = 22 - 19. Suppose 0*v - 35 = -2*w + 5*v, 4*w = -m*v + 135. What are the prime factors of w?
2, 3, 5
Let t be 1 + 3 - (3 - 2). Let s be ((-92)/6)/((-2)/t). Suppose k + 3*m - s = 0, 0*m = -5*k + 5*m + 35. What are the prime factors of k?
11
Suppose -9*i + 145 = -26. What are the prime factors of i?
19
Let l(x) be the first derivative of -x**3/3 + 4*x**2 + 3*x - 3. Suppose 23 - 2 = 3*n. What are the prime factors of l(n)?
2, 5
Let n(b) = 17*b - 8. What are the prime factors of n(5)?
7, 11
Let q be ((-8)/(-10))/(6/405). Suppose -m + 4*m = q. List the prime factors of m.
2, 3
Suppose -1495 = -19*d + 14*d. List the prime factors of d.
13, 23
Let x(a) = a**2 + 7*a - 3. List the prime factors of x(-9).
3, 5
Suppose -6 + 16 = 5*r. Suppose -2*v = -2*d + 4 + 32, r*v = d - 14. What are the prime factors of d?
2, 11
Suppose 2*y = 5*y - 15. Suppose -y*x = 2*j - 23, 3 = -j + 5*x - 8. List the prime factors of j.
2
Suppose 0 = f - 6. Suppose 5*i - f = 2*i. What are the prime factors of i?
2
Let v(g) = g**3 - 6*g**2 + 5*g + 1. Let z be v(5). Suppose -10 = -4*b + 10. Suppose 2*i + b*a - 8 = 0, i - z = -a - 3*a. List the prime factors of i.
3
Let s = 125 + -7. What are the prime factors of s?
2, 59
Suppose 131 = 5*p - 59. Suppose 0*j = j + 3*a - p, 2*a + 173 = 5*j. What are the prime factors of j?
5, 7
Suppose -16*l + 2590 + 1282 = 0. List the prime factors of l.
2, 11
Suppose 0 = 2*m - 3 - 3. Let i = m - -3. Suppose -i*z = -3*z - 24. What are the prime factors of z?
2
Let s be (1 - -3) + -2 + 0. Suppose -2*y + 5*y - 59 = -q, 5*q + 45 = s*y. Let t = -14 + y. List the prime factors of t.
2, 3
Suppose -o = -8 + 44. What are the prime factors of (-207)/o*2*2?
23
Suppose -2*g - 5*h - 33 = 0, -h - 12 + 3 = g. Let n = g + 4. List the prime factors of n + (-1 - (-1 - 2)).
2
Let w(a) be the second derivative of a**3/3 - 5*a**2 + 3*a. Let c be w(10). List the prime factors of (-4)/c + (-168)/(-20).
2
Let u(t) = -t**3 - 11*t**2 - t - 3. Let n be u(-11). Let s(y) = y - 2. Let h be s(2). Suppose -c - c + n = h. What are the prime factors of c?
2
Suppose 2*m + 7 = -4*u - m, -4*m = -3*u + 1. Let d be 1/1*u - 1. What are the prime factors of (d/(-3))/(2/42)?
2, 7
Let r(m) = -m**2 + 6*m - 3. Let a be r(5). List the prime factors of (a + -1 - 2)*-2.
2
Let h(r) = r**3 + 15*r**2 + 9*r + 9. What are the prime factors of h(-6)?
3, 31
Let y be 1 + (-1*2 - -1). Suppose 4*k = -0*k + c - 7, 3*k + 3*c + 9 = y. Let m = k + 6. What are the prime factors of m?
2
Suppose -2*h + 3*h + 8 = 0. Let a(s) = s**3 + 9*s**2 + 7*s - 6. Let l be a(h). Suppose -m - l*m = -15. List the prime factors of m.
5
Suppose x + 8 - 36 = 0. What are the prime factors of x?
2, 7
Let k(s) = s**3 + 6*s**2 + 4*s + 6. What are the prime factors of k(-5)?
11
Let b(v) = -v + 31. Let y be b(0). Suppose 49 = 4*s + c, -3*c - 9 - y = -5*s. List the prime factors of s.
11
Suppose -19*x - 243 = -20*x. List the prime factors of x.
3
Suppose 8 = -4*c, -5*y + 0*y + c + 142 = 0. Let d = -15 + y. What are the prime factors of d?
13
Suppose -2 = 3*g + 16. Suppose -87*c = -84*c + 9. List the prime factors of 1/c*0 - g.
2, 3
Suppose -l + 661 = 4*m + 100, 5*m - l = 708. What are the prime factors of m?
3, 47
Let x be (-31)/(-2) + 1/2. Suppose 5*r = 111 - x. List the prime factors of r.
19
Suppose -3*f + 16 = f. Suppose -5*r + 145 = -0*i + 5*i, -f*r + 118 = 2*i. List the prime factors of r.
2, 3, 5
Let a be (2/(-5))/(1/(-5)). Let z be (a/6)/((-1)/(-9)). Suppose 0 = 2*n - 2, 3*p + z*n = -n + 34. List the prime factors of p.
2, 5
Suppose 4*b + 3*i - 8 - 9 = 0, -5*i + 23 = 4*b. Suppose -4*o + l + b*l = -74, 0 = -3*o - 3*l + 45. List the prime factors of o.
17
Let t be 6/4*8/(-3). What are the prime factors of -21*5/(30/t)?
2, 7
Suppose k = 4*k + 12. Let q be 2/k*(-36 - 4). Suppose 2*l = -2*l + q. List the prime factors of l.
5
Let j(q) = 10*q + 13. List the prime factors of j(4).
53
Suppose 0 = 3*h + 3*c, 5*c = -h + 2*h + 24. Let y(o) = o**3 + 3*o**2 - 3*o - 4. Let n be y(h). List the prime factors of 2/n - 66/(-8).
2
Let m be (7 - 4 - -71)*1. Suppose -m = -2*z + 2*a, -z = 4*z + 4*a - 185. What are the prime factors of z?
37
Let w = 65 - 37. Suppose 2*q - k = w, -k + 5 + 12 = q. What are the prime factors of q?
3, 5
Let g(c) = -c**2 - 14*c - 2. List the prime factors of g(-6).
2, 23
Suppose -2*r + 5*c = 2*r - 335, -2*r + 169 = -c. What are the prime factors of r?
5, 17
Suppose -2*k + 375 = k. What are the prime factors of k?
5
Let h(w) = -w**3 + 2*w**2 + 3*w - 3. Let y be h(3). Let s = -12 - y. Let c = 1 - s. What are the prime factors of c?
2, 5
Suppose 21*i + 11 = 22*i. List the prime factors of i.
11
Let h = -94 + 206. What are the prime factors of h?
2, 7
Suppose 2*p = -3*p + 15. List the prime factors of 35/p + (-1)/(-3).
2, 3
Let m be -15*((-2)/(-3) + -1). Suppose -48 = -m*d - 13. What are the prime factors of d?
7
Let h(s) = s**2 + s + 2. Let u be h(-2). Let a(w) = 1 - 3*w - 4 - u*w. List the prime factors of a(-3).
2, 3
Let c(q) = q**3 + 3*q**2 - 5*q - 6. Let n be c(-4). Let y = n + 18. List the prime factors of y.
2
Let a(t) = t**3 + 4*t**2 - 3*t + 5. Let b be a(-4). Let q = 27 - b. What are the prime factors of q?
2, 5
Let p = 159 - 86. List the prime factors of p.
73
Suppose 3*f = -5*q + 24, 5*f + 4*q - 9*q = 0. What are the prime factors of (-38)/f*3/(-2)?
19
Suppose -36 = 5*n - 126. What are the prime factors of n?
2, 3
Let o(t) = -t**2 - 8*t - 7. Let y be o(-6). Suppose 0 = -y*z + 3*j + 107, 3*z + z - 4*j - 84 = 0. What are the prime factors of z?
2, 11
Let p(t) = t. Let i be p(-1). Let m be (i - -3)*3/6. What are the prime factors of 10*(3/(-6) + m)?
5
Let s(r) = 12*r - 12. What are the prime factors of s(5)?
2, 3
Let f(s) = -6*s**2 + 2*s - 3. Let t be f(2). Let b = t + 46. What are the prime factors of b?
23
Let u = -3 - -5. Suppose -u*r = 3*n + 7, -3*r - 1 + 10 = -2*n. Let w = 9 - n. List the prime factors of w.
2, 3
Let w be (3 + 339/(-3))/(-1). Suppose -4*s = -2*s, -5*s = 5*v - w. List the prime factors of v.
2, 11
Let r(s) = s**2 - 25*s + 82. List the prime factors of r(24).
2, 29
Let u be (-198)/(-42) - (-4)/14. Suppose u*h = -9 + 74. What are the prime factors of h?
13
Let g = 79 - 41. What are the prime factors of g?
2, 19
Let r be (-749)/(-9) - 2/9. Suppose 0 = 2*y - 2*p + 27 - r, 52 = 3*y + 5*p. Suppose 3*h - y = -h. What are the prime factors of h?
2, 3
Suppose -5*z + 189 = -t, 0*t = -3*z + 3*t + 111. What are the prime factors of z?
2, 19
Suppose -2*q + 2*j = -10, 2*j = -5*q - 0*j + 11. Suppose -q*s + 11 = -2*s. What are the prime factors of s?
11
Let c = -54 - -206. List the prime factors of c.
2, 19
Let j(o) = -o**3 + o**2 + 3*o - 1. Let l be j(3). Let z = 14 + l. List the prime factors of z.
2
Let l(j) = j**3 + 8*j**2 + 7*j + 3. List the prime factors of l(-5).
43
Let z(j) = j**3 - 6*j**2 - 8*j + 9. Let f be z(7). What are the prime factors of (0 - (0 + f))*-1?
2
Let d(n) = n**2 + 7*n - 6. Let z be 9*(-3)/((-18)/8). Let i be (9/z)/((-1)/12). What are the prime factors of d(i)?
2, 3
Suppose -q - v = -2 - 5, 0 = -2*q + v + 8. Suppose 4*l + 2 = q*l. List the prime factors of l.
2
Let